{"id":3745,"date":"2020-07-19T10:14:45","date_gmt":"2020-07-19T09:14:45","guid":{"rendered":"https:\/\/reclamatucomunidad.com\/?page_id=3745"},"modified":"2020-07-19T10:14:47","modified_gmt":"2020-07-19T09:14:47","slug":"que-hacemos","status":"publish","type":"page","link":"https:\/\/reclamatucomunidad.com\/index.php\/que-hacemos\/","title":{"rendered":"\u00bfQu\u00e9 hacemos?"},"content":{"rendered":"\n<p>\u201c<strong>Reclama Tu Comunidad<\/strong>\u201d, debido a la <strong>alta automatizaci\u00f3n de los procesos<\/strong>, es la <strong>forma m\u00e1s r\u00e1pida de reclamar las deudas<\/strong> de los morosos con la comunidad de propietarios y, por tanto, la <strong>forma m\u00e1s r\u00e1pida de cobro efectivo de las deudas<\/strong>, lo que supone un beneficio a\u00f1adido para los usuarios de \u201c<strong>Reclama Tu Comunidad<\/strong>\u201d.\u00a0<\/p>\n\n\n\n<p>\u201c<strong>Reclama Tu Comunidad<\/strong>\u201d facilita conocer de forma r\u00e1pida las deudas reclamadas en cada expediente al instante, <strong>per\u00edodo exacto reclamado y estado de reclamaci\u00f3n<\/strong>, a los efectos de saber siguiente acci\u00f3n a realizar.\u00a0<\/p>\n\n\n\n<p>\u201c<strong>Reclama Tu Comunidad<\/strong>\u201d le <strong>indicar\u00e1 siempre cual es el siguiente paso a realizar<\/strong>, debiendo el usuario de <strong>autorizar de forma <\/strong>expresa seguir o no con las actuaciones con un simple \u201cclick\u201d de rat\u00f3n.<\/p>\n\n\n\n<p>\u201c<strong>Reclama Tu Comunidad<\/strong>\u201d le <strong>genera de forma autom\u00e1tica el documento<\/strong> que necesita presentar o enviar en cada momento. Dicho documento ser\u00e1 <strong>verificado<\/strong> por un profesional de \u201c<strong>Reclama Tu Comunidad<\/strong>\u201d para supervisar su correcto env\u00edo.<\/p>\n\n\n\n<p>\u201c<strong>Reclama Tu Comunidad<\/strong>\u201d crea <strong>informes de expedientes agrupados por comunidad con un simple \u201cclick\u201d<\/strong>, lo que posibilita que un abogado, administrador de fincas o comunidad de propietarios, pueda tener un conocimiento global de la reclamaci\u00f3n de deudas en su comunidad al instante.<\/p>\n\n\n\n<p>\u201c<strong>Reclama Tu Comunidad<\/strong>\u201d <strong>suma los importes reclamados <\/strong>en cada expediente de reclamaci\u00f3n<strong> contra un mismo deudor, <\/strong>y concreta<strong> per\u00edodo m\u00e1s antiguo y m\u00e1s reciente reclamado de forma autom\u00e1tica. <\/strong>De manera que, de forma sencilla, podr\u00e1 conocer importe total y per\u00edodo total reclamado a cada deudor de forma global. Lo que facilita saber si es necesario o no iniciar nuevos expedientes contra el mismo deudor por una nueva deuda no reclamada judicialmente.\u00a0<\/p>\n\n\n\n<p>\u201c<strong>Reclama Tu Comunidad<\/strong>\u201d informa de forma autom\u00e1tica cuant\u00edas totales reclamadas en todos los procesos, tanto los que est\u00e1n a\u00fan en proceso de reclamaci\u00f3n, como los que ya se han cerrado, as\u00ed como n\u00famero de asuntos en marcha y n\u00famero de asuntos cerrados.&nbsp; Lo que es una herramienta informativa eficaz para informar a los propietarios en las juntas de propietarios .<\/p>\n","protected":false},"excerpt":{"rendered":"<p>\u201cReclama Tu Comunidad\u201d, debido a la alta automatizaci\u00f3n de los procesos, es la forma m\u00e1s r\u00e1pida de reclamar las deudas de los morosos con la comunidad de propietarios y, por tanto, la forma m\u00e1s r\u00e1pida de cobro efectivo de las deudas, lo que supone un beneficio a\u00f1adido para los usuarios de \u201cReclama Tu Comunidad\u201d.\u00a0 \u201cReclama&hellip;<\/p>\n","protected":false},"author":1,"featured_media":0,"parent":0,"menu_order":0,"comment_status":"closed","ping_status":"closed","template":"","meta":{"_acf_changed":false,"footnotes":""},"class_list":["post-3745","page","type-page","status-publish","hentry","description-off"],"acf":[],"jetpack_sharing_enabled":true,"_links":{"self":[{"href":"https:\/\/reclamatucomunidad.com\/index.php\/wp-json\/wp\/v2\/pages\/3745","targetHints":{"allow":["GET"]}}],"collection":[{"href":"https:\/\/reclamatucomunidad.com\/index.php\/wp-json\/wp\/v2\/pages"}],"about":[{"href":"https:\/\/reclamatucomunidad.com\/index.php\/wp-json\/wp\/v2\/types\/page"}],"author":[{"embeddable":true,"href":"https:\/\/reclamatucomunidad.com\/index.php\/wp-json\/wp\/v2\/users\/1"}],"replies":[{"embeddable":true,"href":"https:\/\/reclamatucomunidad.com\/index.php\/wp-json\/wp\/v2\/comments?post=3745"}],"version-history":[{"count":1,"href":"https:\/\/reclamatucomunidad.com\/index.php\/wp-json\/wp\/v2\/pages\/3745\/revisions"}],"predecessor-version":[{"id":3746,"href":"https:\/\/reclamatucomunidad.com\/index.php\/wp-json\/wp\/v2\/pages\/3745\/revisions\/3746"}],"wp:attachment":[{"href":"https:\/\/reclamatucomunidad.com\/index.php\/wp-json\/wp\/v2\/media?parent=3745"}],"curies":[{"name":"wp","href":"https:\/\/api.w.org\/{rel}","templated":true}]}}